 a prime number?
True
Is 69775103 a composite number?
True
Is 7393411 a composite number?
False
Is 379516253 a prime number?
False
Is 3346099 a composite number?
False
Is 7832791 a composite number?
True
Is 39072639 a composite number?
True
Is 22830307 prime?
False
Is 41270987 prime?
True
Is 17528387 a composite number?
False
Is 62094281 a prime number?
True
Is 6369797 prime?
False
Is 26507291 composite?
False
Is 34375213 composite?
False
Is 3190853 a prime number?
True
Is 3648643 a prime number?
True
Is 131117099 composite?
False
Is 2274239 prime?
False
Is 27437527 prime?
False
Is 5985983 a prime number?
True
Is 5877559 a composite number?
False
Is 297797173 a composite number?
False
Is 6387631 prime?
False
Is 6478187 prime?
True
Is 457115297 composite?
True
Is 856119515 a prime number?
False
Is 447651929 a composite number?
False
Is 11685263 composite?
True
Is 144490207 a prime number?
True
Is 1729487 a prime number?
True
Is 52529071 a prime number?
False
Is 68994647 a composite number?
False
Is 13682453 prime?
True
Is 418423 prime?
True
Is 252642217 a composite number?
False
Is 20668589 prime?
True
Is 5815429 composite?
True
Is 52943087 a composite number?
True
Is 955739 a prime number?
False
Is 4878851 prime?
True
Is 27919669 a prime number?
True
Is 479873 composite?
True
Is 2257126435 a composite number?
True
Is 744113 a composite number?
False
Is 1910224687 prime?
False
Is 13265753 a composite number?
True
Is 82632587 a composite number?
True
Is 89900263 a prime number?
True
Is 5688481 a composite number?
True
Is 111830177 composite?
True
Is 1695461 prime?
False
Is 965303 composite?
False
Is 36961 a composite number?
True
Is 23445163 a prime number?
False
Is 80230183 a composite number?
True
Is 133730059 a prime number?
True
Is 6743339 prime?
False
Is 81341153 composite?
False
Is 15843265 a composite number?
True
Is 42351677 a prime number?
True
Is 243527 composite?
False
Is 21619439 a composite number?
False
Is 10600693 composite?
False
Is 43044277 a composite number?
False
Is 8483387 composite?
True
Is 1968947 a composite number?
True
Is 337787 a prime number?
False
Is 479569 prime?
True
Is 4090397 prime?
True
Is 140358221 composite?
True
Is 30070211 a prime number?
True
Is 116849 prime?
True
Is 198525494 a composite number?
True
Is 36398069 a prime number?
False
Is 44190127 composite?
False
Is 14610833 a composite number?
False
Is 1583237 a prime number?
False
Is 134317 a prime number?
False
Is 202373383 composite?
False
Is 34888143 composite?
True
Is 6728041 a prime number?
True
Is 84053041 prime?
False
Is 6230473 a composite number?
True
Is 152792377 composite?
True
Is 1250423 composite?
True
Is 1896133 a prime number?
True
Is 946187 prime?
False
Is 833267 composite?
True
Is 13459591 a prime number?
True
Is 1522321 a composite number?
False
Is 111989 composite?
True
Is 44799393 a prime number?
False
Is 4986847 composite?
False
Is 287281769 a composite number?
False
Is 386219 a composite number?
False
Is 81062183 composite?
True
Is 14557801 a composite number?
True
Is 857897 a prime number?
True
Is 5357557 composite?
False
Is 9028687 a composite number?
True
Is 297641 composite?
False
Is 18049901 prime?
True
Is 582772279 a composite number?
True
Is 23619677 prime?
True
Is 1525079 a prime number?
False
Is 13163833 prime?
True
Is 416071 a prime number?
True
Is 138884101 a prime number?
False
Is 42004129 a prime number?
True
Is 10214089 a composite number?
False
Is 4644953 composite?
False
Is 48821137 a prime number?
True
Is 82491231 a composite number?
True
Is 487731 a composite number?
True
Is 11007931 prime?
False
Is 172285237 a composite number?
True
Is 8358431 a prime number?
False
Is 34734727 prime?
True
Is 13865911 a prime number?
True
Is 241768859 prime?
True
Is 3683503 prime?
True
Is 67360289 a composite number?
False
Is 59625973 a composite number?
True
Is 5495137 a composite number?
True
Is 33809887 a prime number?
True
Is 15052109 prime?
True
Is 63468751 a prime number?
True
Is 5911162 a composite number?
True
Is 1253279 a composite number?
False
Is 14220787 a composite number?
True
Is 3616579 composite?
True
Is 24476839 prime?
False
Is 44332427 composite?
False
Is 2650057 prime?
True
Is 3554797 composite?
False
Is 2281267 prime?
True
Is 168963891 composite?
True
Is 1115987 a composite number?
False
Is 6090373 a prime number?
True
Is 5579803 composite?
True
Is 6788557 a prime number?
True
Is 139239583 a prime number?
False
Is 30665359 composite?
False
Is 5260799 a prime number?
True
Is 655927 prime?
True
Is 54065105 prime?
False
Is 15386873 a prime number?
True
Is 844793119 composite?
False
Is 16868069 a composite number?
False
Is 2887 a composite number?
False
Is 2481103 a composite number?
True
Is 552594253 a composite number?
False
Is 532687073 a composite number?
False
Is 400823 a composite number?
False
Is 372969929 a composite number?
True
Is 14625499 a composite number?
True
Is 462239 prime?
True
Is 20832127 a prime number?
False
Is 1588949 a prime number?
True
Is 5630591 composite?
False
Is 8296653 prime?
False
Is 143461 composite?
False
Is 100173007 a prime number?
False
Is 16627987 a prime number?
False
Is 11180311 a composite number?
True
Is 13349239 a prime number?
False
Is 13830809 a prime number?
False
Is 42593 composite?
True
Is 31803721 a composite number?
True
Is 45484563 prime?
False
Is 19571281 prime?
True
Is 37618939 a composite number?
False
Is 21395063 prime?
True
Is 144891059 a composite number?
False
Is 27135203 composite?
False
Is 54467537 composite?
True
Is 92829241 a composite number?
True
Is 21497387 a prime number?
False
Is 7917361 a prime number?
False
Is 609164207 a composite number?
False
Is 330523 a composite number?
True
Is 161963 a composite number?
True
Is 55537837 composite?
False
Is 59444981 a prime number?
True
Is 5847419 a composite number?
False
Is 261640321 a prime number?
True
Is 327130651 composite?
False
Is 5768507 a prime number?
True
Is 423139 a composite number?
True
Is 15927809 a composite number?
False
Is 55204097 composite?
True
Is 23427493 prime?
False
Is 8552197 a composite number?
True
Is 208979 prime?
False
Is 85482721 a prime number?
True
Is 2530091 a prime number?
True
Is 56637557 composite?
True
Is 9866083 a prime number?
True
Is 469529 a composite number?
False
Is 329089 a prime number?
True
Is 14270299 prime?
True
Is 21935087 a composite number?
True
Is 126544129 a composite number?
True
Is 210679 a composite number?
True
Is 87927373 composite?
True
Is 13754303 prime?
True
Is 1991887 prime?
False
Is 100321 composite?
True
Is 30889009 prime?
False
Is 38405753 prime?
True
Is 9018473 a composite number?
False
Is 921067 a composite number?
True
Is 93391157 composite?
False
Is 131191283 composite?
False
Is 13722245 a composite number?
True
Is 95053759 prime?
True
Is 7723909 a composite number?
True
Is 212540389 composite?
False
Is 1335974 a composite number?
True
Is 98162 a prime number?
False
Is 15682981 a composite number?
False
Is 3477289 a composite number?
False
Is 3165049 composite?
False
Is 12142579 prime?
True
Is 149351927 a prime number?
True
Is 126762715 prime?
False
Is 19256531 composite?
True
Is 9557 prime?
False
Is 3707483 a prime number?
False
Is 6148853 a prime number?
True
Is 6981551 composite?
False
Is 34145723 prime?
True
Is 12586481 a prime number?
False
Is 4383101 a prime number?
True
Is 15424613 composite?
True
Is 959754361 composite?
False
Is 108472697 prime?
True
Is 9333683 a prime number?
False
Is 358635829 a prime number?
True
Is 105319411 a prime number?
True
Is 1773527 prime?
False
Is 10839061 a composite number?
False
Is 6947207 a prime number?
True
Is 2145971 prime?
False
Is 127497 a prime number?
False
Is 1821997 a composite number?
False
Is 338731 prime?
True
Is 73917271 a composite number?
True
Is 239111461 prime?
False
Is 1683593 a composite number?
True
Is 1000743 composite?
True
Is 681311621 composite?
False
Is 330963571 a composite number?
False
Is 38485751 composite?
False
Is 3166751 a prime number?
False
Is 42281 a composite number?
False
Is 32354737 a prime number?
True
Is 20162661 a composite number?
True
Is 3417829 a prime number?
True
Is 29595785 a prime number?
False
Is 2039881 a prime number?
False
Is 465037877 a composite